the prime factors of 12771700?
2, 5, 127717
List the prime factors of 2627046.
2, 3, 48649
What are the prime factors of 230569?
97, 2377
What are the prime factors of 11629897?
89, 149, 877
List the prime factors of 892731.
3, 7, 6073
List the prime factors of 111627.
3, 79, 157
What are the prime factors of 564678?
2, 3, 10457
What are the prime factors of 2886309?
3, 19, 16879
What are the prime factors of 3330767?
11, 27527
List the prime factors of 228975.
3, 5, 43, 71
List the prime factors of 759968.
2, 11, 17, 127
What are the prime factors of 2514292?
2, 11, 57143
List the prime factors of 745122.
2, 3, 7, 113, 157
List the prime factors of 527266.
2, 43, 6131
List the prime factors of 8242298.
2, 4121149
List the prime factors of 219319.
71, 3089
List the prime factors of 164742.
2, 3, 27457
List the prime factors of 78501.
3, 137, 191
List the prime factors of 5643611.
67, 131, 643
What are the prime factors of 23060?
2, 5, 1153
List the prime factors of 318105.
3, 5, 7069
List the prime factors of 948438.
2, 3, 52691
List the prime factors of 997238.
2, 11, 45329
List the prime factors of 1160742.
2, 3, 11, 43, 409
What are the prime factors of 123821?
123821
What are the prime factors of 907318?
2, 453659
List the prime factors of 626496.
2, 3, 13, 251
What are the prime factors of 10693979?
19, 562841
What are the prime factors of 3743775?
3, 5, 7, 2377
What are the prime factors of 2599633?
2599633
List the prime factors of 20862113.
20862113
What are the prime factors of 353134?
2, 19, 9293
What are the prime factors of 3696994?
2, 7, 264071
List the prime factors of 228575.
5, 41, 223
List the prime factors of 44970.
2, 3, 5, 1499
List the prime factors of 327723.
3, 11, 9931
List the prime factors of 2973180.
2, 3, 5, 7, 7079
What are the prime factors of 10082557?
10082557
List the prime factors of 20403874.
2, 577, 17681
List the prime factors of 173145.
3, 5, 7, 17, 97
List the prime factors of 8140763.
8140763
What are the prime factors of 799818?
2, 3, 133303
What are the prime factors of 15501289?
353, 43913
What are the prime factors of 6256672?
2, 43, 4547
What are the prime factors of 460794?
2, 3, 61, 1259
List the prime factors of 2918116.
2, 37, 19717
What are the prime factors of 23047?
19, 1213
List the prime factors of 62930.
2, 5, 7, 29, 31
What are the prime factors of 183961?
71, 2591
What are the prime factors of 2230159?
2230159
List the prime factors of 1845256.
2, 7, 83, 397
List the prime factors of 381752.
2, 7, 17, 401
List the prime factors of 11978880.
2, 3, 5, 17, 367
What are the prime factors of 145076?
2, 36269
What are the prime factors of 207687?
3, 107, 647
List the prime factors of 32855.
5, 6571
What are the prime factors of 14389480?
2, 5, 7, 17, 3023
What are the prime factors of 20218372?
2, 17, 73, 4073
List the prime factors of 175935.
3, 5, 37, 317
List the prime factors of 437099.
13, 33623
List the prime factors of 2177157.
3, 23, 139, 227
What are the prime factors of 4544678?
2, 17, 349, 383
List the prime factors of 8745603.
3, 2915201
List the prime factors of 556993.
293, 1901
What are the prime factors of 1942021?
1942021
List the prime factors of 558593.
7, 199, 401
List the prime factors of 700748.
2, 239, 733
What are the prime factors of 1332080?
2, 5, 16651
What are the prime factors of 1266057?
3, 13, 3607
What are the prime factors of 23992836?
2, 3, 7, 285629
List the prime factors of 1303598.
2, 83, 7853
List the prime factors of 402968.
2, 17, 2963
List the prime factors of 703626.
2, 3, 7, 11, 1523
List the prime factors of 846542.
2, 311, 1361
What are the prime factors of 24837269?
2503, 9923
What are the prime factors of 1180352?
2, 18443
List the prime factors of 3762504.
2, 3, 17419
What are the prime factors of 380139?
3, 126713
List the prime factors of 4092254.
2, 2046127
What are the prime factors of 233129?
13, 79, 227
List the prime factors of 446634.
2, 3, 919
What are the prime factors of 353769?
3, 13, 47, 193
What are the prime factors of 3238081?
7, 11, 3823
What are the prime factors of 7502?
2, 11, 31
List the prime factors of 3769532.
2, 13, 71, 1021
What are the prime factors of 2271685?
5, 13, 34949
List the prime factors of 2287000.
2, 5, 2287
What are the prime factors of 15725349?
3, 97, 18013
What are the prime factors of 538325?
5, 61, 353
What are the prime factors of 743183?
7, 29, 523
List the prime factors of 4366768.
2, 7, 127, 307
List the prime factors of 276577.
7, 39511
List the prime factors of 639322.
2, 373, 857
What are the prime factors of 631770?
2, 3, 5, 21059
What are the prime factors of 3982401?
3, 442489
What are the prime factors of 10343450?
2, 5, 13, 15913
List the prime factors of 111502.
2, 197, 283
What are the prime factors of 2024898?
2, 3, 349, 967
What are the prime factors of 14395?
5, 2879
List the prime factors of 4203872.
2, 131371
List the prime factors of 18027.
3, 2003
List the prime factors of 386549.
386549
What are the prime factors of 949962?
2, 3, 13, 19, 641
What are the prime factors of 59844?
2, 3, 4987
List the prime factors of 328822.
2, 13, 12647
List the prime factors of 1479699.
3, 13, 12647
List the prime factors of 968654.
2, 484327
List the prime factors of 908593.
7, 293, 443
List the prime factors of 205951.
205951
What are the prime factors of 7891868?
2, 1972967
List the prime factors of 14651545.
5, 47, 62347
What are the prime factors of 7626015?
3, 5, 56489
List the prime factors of 800705.
5, 160141
What are the prime factors of 100297?
100297
List the prime factors of 55071.
3, 29, 211
What are the prime factors of 11681910?
2, 3, 5, 293, 443
What are the prime factors of 3029556?
2, 3, 252463
What are the prime factors of 314700?
2, 3, 5, 1049
What are the prime factors of 2046889?
13, 19, 8287
List the prime factors of 872459.
7, 23, 5419
What are the prime factors of 262621?
262621
List the prime factors of 91771.
91771
List the prime factors of 1585964.
2, 17, 83, 281
List the prime factors of 690155.
5, 97, 1423
What are the prime factors of 23419670?
2, 5, 2341967
List the prime factors of 9626.
2, 4813
What are the prime factors of 186239?
186239
What are the prime factors of 4164987?
3, 59, 23531
List the prime factors of 168578.
2, 31, 2719
What are the prime factors of 3492220?
2, 5, 283, 617
What are the prime factors of 4095501?
3, 1365167
List the prime factors of 2128125.
3, 5, 227
What are the prime factors of 16454430?
2, 3, 5, 23, 7949
What are the prime factors of 58344?
2, 3, 11, 13, 17
What are the prime factors of 4525549?
7, 23, 28109
What are the prime factors of 121753?
109, 1117
What are the prime factors of 505472?
2, 11, 359
List the prime factors of 2687496.
2, 3, 7, 17, 941
What are the prime factors of 383549?
383549
List the prime factors of 1247877.
3, 61, 2273
What are the prime factors of 563804?
2, 59, 2389
List the prime factors of 5201848.
2, 691, 941
What are the prime factors of 3365848?
2, 420731
List the prime factors of 1576153.
97, 16249
List the prime factors of 2966745.
3, 5, 97, 2039
What are the prime factors of 23776641?
3, 7, 23, 61, 269
What are the prime factors of 171411?
3, 17, 3361
What are the prime factors of 207556?
2, 19, 2731
What are the prime factors of 458587?
151, 3037
What are the prime factors of 1067812?
2, 266953
What are the prime factors of 16834155?
3, 5, 13, 131, 659
What are the prime factors of 175766?
2, 23, 3821
What are the prime factors of 5729427?
3, 11, 101, 191
What are the prime factors of 15202?
2, 11, 691
List the prime factors of 28785482.
2, 11, 37, 35363
List the prime factors of 315315.
3, 5, 7, 11, 13
What are the prime factors of 126989?
126989
List the prime factors of 991334.
2, 495667
List the prime factors of 160816.
2, 19, 23
List the prime factors of 566518.
2, 59, 4801
List the prime factors of 740878.
2, 370439
List the prime factors of 3329602.
2, 1664801
List the prime factors of 130512.
2, 3, 2719
What are the prime factors of 2293841?
11, 151, 1381
What are the prime factors of 149702?
2, 7, 17, 37
What are the prime factors of 494365?
5, 98873
What are the prime factors of 12662368?
2, 269, 1471
List the prime factors of 157717.
7, 22531
What are the prime factors of 94600?
